58679. Is u prime?
True
Let r(k) be the first derivative of -k**4/4 - 34*k**3/3 + 28*k**2 + 17*k - 231. Is r(-36) prime?
True
Let o be (-9)/(-15) + 2/5. Let g(m) = -3*m - 1. Let p be g(o). Is 23 - 0/(p/4) composite?
False
Let s(f) = 3*f**3 - 9*f**2 + 81*f + 1. Is s(22) prime?
False
Let s(w) = -929*w - 71. Let l(x) = -929*x - 71. Let a(p) = -2*l(p) + 3*s(p). Is a(-8) composite?
True
Let w(z) = 478*z**3 - 7*z**2 + 12*z + 1. Let t be 18/12 + 3/6. Is w(t) composite?
False
Let r(d) = 7*d**3 - 5*d**2 - 4*d + 3. Let g be r(-5). Suppose 44*k = 83*k + 67080. Let p = g - k. Is p a composite number?
False
Let m(w) = 325*w**3 - 5*w**2 + 12*w - 7. Let y(a) = 1626*a**3 - 26*a**2 + 62*a - 35. Let d(j) = 11*m(j) - 2*y(j). Is d(2) composite?
True
Let q(h) = 0*h - 5*h + 134*h**2 - 8 - 52*h**2 + 35*h**2. Let v be q(6). Suppose 5*x + v + 361 = 5*p, -3*x - 1816 = -2*p. Is p prime?
False
Let x be (-9)/(-6) + (-12081620)/(-40). Suppose x = 52*q - 76830. Is q a prime number?
False
Suppose 0 = -63*s - 1162059 + 3424200. Is s a composite number?
True
Let l(u) = -8*u - 6. Let n be l(-6). Let r = -44 + n. Is -307*3/6*r a prime number?
True
Suppose -11 + 368 = 7*r. Suppose 5*d = t - 15 + r, -5*t = 5. Suppose -2*z - 3615 = -d*z + 5*v, 2912 = 4*z + v. Is z a composite number?
False
Let i(m) = -437*m - 26. Let l be ((-4)/(3 - -5))/(2/36). Is i(l) a composite number?
False
Let w = -18 - -102. Let j = 89 - w. Suppose -j*f + 3*f = -242. Is f composite?
True
Let p(k) = 826*k**3 + 2*k**2 - 2. Let o be p(1). Let y be (o/(-4) - -2)*-2. Suppose 0 = 3*g - 4*g + y. Is g composite?
False
Let f = -114 + 117. Let y be -6 - f/(-1) - -4*1. Is 207 - (-8 + 5 + y) composite?
True
Suppose 121*u = 1340 + 475. Let z(f) = -6*f**2 - 2*f**2 - 6*f + f**3 - 2*f**2 + 32. Is z(u) composite?
True
Let a be 3 + 1 + 14 - 6. Is ((-4456)/12)/((16/a)/(-4)) prime?
False
Let t be 6 - 2 - 0 - 870. Let a = 2400 - t. Let d = 6129 - a. Is d prime?
False
Let y(l) = 112*l**3 + 6*l**2 + 5*l + 10. Let q(g) = g**3 + g**2 + 2. Let h(v) = 3*q(v) - y(v). Is h(-3) a composite number?
False
Suppose 0 = -3*f + 4*o + 581089, 193679 = 7*f - 6*f + 3*o. Is f composite?
True
Let h(z) = -4*z**3 + z**2 + 3*z + 4. Suppose 0 = -5*j - 11 + 51. Suppose t + 19 = -5*w - 2*t, t + j = -2*w. Is h(w) a composite number?
True
Is ((-19)/57)/(5/(-3 - 22309272)) composite?
True
Let r(a) be the second derivative of 146*a**4/3 + 2*a**3/3 + 5*a**2/2 + 789*a. Suppose -14 = -5*s + q, 3*s + 8 = 5*s + 2*q. Is r(s) a composite number?
False
Let o be 28/(-21) + 8 + (-1)/(-3). Suppose -o*q + 8*q = -2*u + 1967, -u - 3 = 0. Is q a composite number?
False
Let u be (-34562)/(-16) - -8*(-4)/256. Let c = u + 1527. Is c a prime number?
False
Let r = -87 - -81. Let m be 8/2 + (4 + r - -3). Suppose 3*q - 3*v = 777, 0*v - 506 = -2*q + m*v. Is q a prime number?
True
Let s(x) = 2*x + 4*x**2 + 8 - 13 + 20. Let b be s(7). Let k = b + 664. Is k prime?
False
Suppose -5*g + 2*f = -55, 13 = -4*g - 3*f + 57. Suppose g*y - 112692 = -y. Is y prime?
True
Let k(d) = 520*d**2 - 5*d + 2. Suppose -5*t - 23 = -3*g, 0 = -g + 5*t + 22 - 1. Is k(g) prime?
False
Suppose -174 = -2*y - 2*f, f = 2*y - 93 - 96. Suppose -94*q = -y*q - 5318. Is q a composite number?
False
Suppose -55 = 2*l - 11. Let d be 7*5 - (-22 - l). Let v = d + 2984. Is v a prime number?
True
Let b(g) = -20673*g + 2792. Is b(-7) a prime number?
True
Let l(q) = 1718*q**2 + 22*q + 1. Let j(s) = 4*s**2 - 6*s - 1. Let t be j(2). Is l(t) a prime number?
False
Suppose 547 = -5*c + 77. Let w = -102 - c. Let f(r) = 5*r**2 + 3*r + 13. Is f(w) prime?
False
Let a(r) be the first derivative of -1/4*r**4 - 25*r - 11/3*r**3 + 11/2*r**2 - 18. Is a(-18) prime?
False
Let v(h) = 4*h**2 - 13*h + 23. Let x be v(3). Suppose 0 = -x*d + 27*d - 27923. Is d composite?
False
Suppose -100*o - 230*o + 48*o + 90450372 = 0. Is o a prime number?
False
Suppose 4*m = 3*u + 7*m - 45066, 4*u = -5*m + 60092. Is u*5/(-4 + 19) a composite number?
True
Suppose -274725 = 5*o - 92515. Is (0 + -2)/10 + o/(-35) a composite number?
True
Let i(c) = -c + 1. Let y be i(-2). Suppose -y*t = -2628 + 639. Suppose 14*k - 163 - t = 0. Is k a prime number?
True
Let k = -357 - -352. Is (-3314)/(-4 + 7 + k) prime?
True
Suppose 1031*y = 977*y + 66604086. Is y a composite number?
False
Let t be (415/(-2) - 1)*(-6)/9. Suppose -d + 2*d - 160 = 0. Let y = d + t. Is y a composite number?
True
Let x be 1*-16534*12/(-42). Let f = x - 1629. Is f prime?
False
Let o be 4/(-2) - (-55)/11. Let m(j) = 840*j + 4. Let b be m(o). Suppose -1893 = -3*s + 3*x, -4*x - x - b = -4*s. Is s a prime number?
True
Is 0/(-25) + 0 + 4409 prime?
True
Suppose 5*o - 7*q - 26692 = -4*q, o - 5*q - 5356 = 0. Suppose -o = -4*p - 4*p. Is p a prime number?
False
Let p = -64615 + 149994. Is p a composite number?
True
Let l = -291277 + 696096. Is l a composite number?
False
Suppose 0 = -67*g - 87*g + 31*g + 8763627. Is g composite?
False
Let p(t) = -6*t + 32. Let f be p(9). Suppose -3*q = 1033 - 2758. Let v = f + q. Is v composite?
True
Let l(m) = 304*m**2 - 14*m - 39. Let r be ((7 - -1) + -3)*(-1 + 0). Is l(r) prime?
False
Let w(t) = t**3 - 5*t**2 - 2*t - 4. Let o = -32 - -25. Let r be w(o). Let j = r - -1465. Is j composite?
False
Is ((-1200)/(-36))/(-25)*652797/(-12) prime?
True
Suppose 245*c - 4144520 = 237*c. Is c prime?
False
Suppose -56*n = -9*n - 979903. Is n prime?
True
Is ((-8)/(-8) + -3)*(0 - 228716/8) a prime number?
True
Let o(f) = 24*f**2 + 43 - 37 + 10*f + 2*f - 3*f**2. Let h = 12 + -17. Is o(h) a prime number?
False
Let m = -531435 - -899306. Is m a composite number?
True
Suppose -2*n + 514 = 5*t, 3*t = n + 114 - 360. Let h be (-1)/(-2)*n/3. Is ((-63)/h)/((-6)/2828) prime?
False
Suppose 16*g = 2012032 + 1312928. Suppose -13*u - 5*u + g = 0. Is u prime?
False
Suppose -1100*m + 543*m + 9107469 = -548*m. Is m a composite number?
True
Is (-267210)/(-110) + 7 + 395/(-55) a composite number?
True
Is (((-19702452)/15)/22)/(2/(-5)) a prime number?
False
Let w(h) be the first derivative of 433*h**2/2 + 20*h - 39. Let d be w(4). Suppose 3*k + 93 = d. Is k prime?
False
Is 4 - (-130)/(-10) - -58346*7 composite?
False
Suppose -4*z + 0 = 5*o - 5, 0 = 5*z + 4*o - 13. Suppose z*i - 36 = i. Suppose -998 = 7*f - i*f. Is f composite?
False
Let k(d) = d**3 + 12*d**2 + 11*d. Let l be k(-11). Suppose l*b - 4*b - 4276 = 0. Let r = b - -1512. Is r composite?
False
Let a(l) = -4*l - 6*l - 90 + 102 - 2*l**2. Let s be a(-6). Suppose -h - 2*w + 2409 + 988 = 0, s = -w + 4. Is h a prime number?
True
Let s(y) = -y**3 - 4*y**2 + 3*y - 4. Let u be s(-5). Let r(w) = 339*w + 93. Is r(u) a composite number?
True
Suppose 25135567 = 119*q - 23807586. Is q prime?
True
Let g(u) = 40*u**2 - 1479*u - 96. Is g(-93) prime?
False
Let w be 9/(-72) + (-254)/16. Let o be (-19 - w)/((-6)/4). Suppose 0 = o*j + 5*h - 237, -105 - 21 = -j + 5*h. Is j a prime number?
False
Let f = 623 - 620. Suppose -f*b - 416 - 1425 = -a, -5*b - 3684 = -2*a. Is a a prime number?
True
Let c(g) = g**2 - 2*g - 104. Let w = -87 + 68. Is c(w) a composite number?
True
Suppose 13*u + 1048850 = 37*u + 26*u. Is u a composite number?
True
Let z = -96 + 96. Suppose z = -7*b + 1527 + 6530. Is b a composite number?
False
Let b(q) be the second derivative of q**5/20 + 9*q**4/2 + 41*q**3/3 + 54*q**2 - 21*q + 1. Is b(-43) prime?
True
Let g be (-1)/(6/(-32841)) - (-33)/22. Suppose -g = -8*k - 1019. Is k prime?
True
Suppose 5*s - 10 = 0, 28*d - 495902 = 26*d + 2*s. Is d a composite number?
True
Let w = -11 - -16. Suppose -7040 = -2*f - w*x, -5*x = f - 5*f + 14110. Suppose f = 5*n - 4*j, 0 = 6*n - 3*n - 2*j - 2113. Is n a prime number?
True
Let j(f) = -2 + 4*f - 19 + 4 + 9*f + 996*f**2 - 4. Is j(2) a prime number?
True
Suppose -77*a + 6*a + 26*a = -16193205. Is a a composite number?
True
Let r(p) = -21343*p + 3594. Is r(-5) composite?
True
Let j(t) = t**2 - 4*t + 4. Let g be j(5). Suppose -3*i - 2484 = -g*i. Suppose 3*v - 51 = i. Is v a composite number?
True
Let q(b) = 18*b**2 + 24*b + 321. Let t be q(-9). Let h = -17 + 17. Is t - (h/(2/2) - -4) composite?
False
Suppose -20*a - 3 = -21*a. Let g be (-22)/(((-6)/(-16))/(a/(-2))). Let r = g - 53. Is r prime?
False
Let m = 1909099 - 1017956. Is m a prime number?
False
Let x = -74831 + 136902. Is x prime?
True
Suppose -10*l + 237*l = 10